of 63754?
True
Is 109 a factor of 327?
True
Is 25 a factor of 578?
False
Does 11 divide 8176?
False
Does 34 divide 3740?
True
Does 55 divide 1424?
False
Is 21 a factor of 15753?
False
Is 719 a multiple of 23?
False
Does 21 divide 11676?
True
Is 90 a multiple of 2?
True
Is 273 a factor of 141904?
False
Is 16062 a multiple of 6?
True
Is 264 a multiple of 44?
True
Is 20 a factor of 3428?
False
Is 1405 a multiple of 5?
True
Does 25 divide 47950?
True
Is 19 a factor of 532?
True
Does 39 divide 351?
True
Is 53053 a multiple of 38?
False
Is 13 a factor of 9849?
False
Is 609 a multiple of 15?
False
Is 1328 a multiple of 6?
False
Does 32 divide 10816?
True
Is 17263 a multiple of 112?
False
Is 2247 a multiple of 14?
False
Is 2058 a multiple of 9?
False
Is 331 a multiple of 12?
False
Is 343 a multiple of 3?
False
Does 124 divide 17236?
True
Is 26 a factor of 1300?
True
Is 62744 a multiple of 31?
True
Is 450 a multiple of 18?
True
Is 18 a factor of 922?
False
Is 6 a factor of 2496?
True
Is 1440 a multiple of 6?
True
Does 51 divide 785?
False
Does 12 divide 21148?
False
Does 4 divide 242?
False
Does 31 divide 1457?
True
Does 39 divide 2379?
True
Is 8 a factor of 72?
True
Does 9 divide 13959?
True
Is 46 a factor of 81375?
False
Is 143 a multiple of 4?
False
Is 9256 a multiple of 89?
True
Is 845 a multiple of 11?
False
Does 50 divide 890?
False
Is 53 a factor of 5553?
False
Does 14 divide 1456?
True
Does 29 divide 758?
False
Does 10 divide 1560?
True
Is 119 a factor of 43197?
True
Is 9450 a multiple of 70?
True
Is 131652 a multiple of 318?
True
Is 3 a factor of 2192?
False
Does 24 divide 6912?
True
Is 51 a factor of 744?
False
Is 50 a factor of 100?
True
Is 625 a multiple of 28?
False
Is 10170 a multiple of 6?
True
Is 2240 a multiple of 38?
False
Is 2822 a multiple of 16?
False
Is 8 a factor of 384?
True
Is 3179 a multiple of 65?
False
Does 10 divide 26427?
False
Is 2921 a multiple of 14?
False
Is 54785 a multiple of 14?
False
Is 25344 a multiple of 6?
True
Is 2686 a multiple of 4?
False
Is 25 a factor of 1025?
True
Is 59 a multiple of 7?
False
Does 198 divide 6928?
False
Is 11 a factor of 3850?
True
Does 36 divide 11196?
True
Does 8 divide 1656?
True
Does 4 divide 2460?
True
Is 74 a factor of 1184?
True
Does 10 divide 2188?
False
Is 4757 a multiple of 17?
False
Is 92 a factor of 31529?
False
Is 7980 a multiple of 70?
True
Is 39 a factor of 61337?
False
Does 60 divide 5931?
False
Is 3290 a multiple of 35?
True
Is 17 a factor of 2839?
True
Is 5028 a multiple of 35?
False
Is 9856 even?
True
Does 8 divide 6640?
True
Does 5 divide 110?
True
Is 608 a multiple of 32?
True
Is 17 a factor of 969?
True
Does 3 divide 2811?
True
Does 8 divide 16560?
True
Is 225 a multiple of 20?
False
Is 144 a multiple of 18?
True
Is 102 a factor of 2298?
False
Does 15 divide 1965?
True
Does 4 divide 316?
True
Does 368 divide 66976?
True
Is 17730 a multiple of 6?
True
Does 29 divide 286?
False
Is 21 a factor of 46116?
True
Does 23 divide 3106?
False
Is 4515 a multiple of 16?
False
Is 21219 a multiple of 3?
True
Does 16 divide 69?
False
Does 16 divide 48?
True
Does 37 divide 623?
False
Does 15 divide 660?
True
Is 85 a factor of 1740?
False
Does 380 divide 171000?
True
Is 83 a factor of 1681?
False
Is 18034 a multiple of 71?
True
Does 14 divide 20046?
False
Is 16 a factor of 176?
True
Does 47 divide 32759?
True
Is 36 a factor of 361?
False
Does 7 divide 1834?
True
Does 10 divide 31979?
False
Does 23 divide 1738?
False
Does 112 divide 1568?
True
Does 45 divide 20340?
True
Is 531 a multiple of 34?
False
Is 5 a factor of 10149?
False
Is 1505 a multiple of 48?
False
Is 9 a factor of 1229?
False
Does 4 divide 739?
False
Does 164 divide 6997?
False
Is 952 a multiple of 68?
True
Is 20 a factor of 459?
False
Does 11 divide 210?
False
Does 5 divide 1130?
True
Is 254 a multiple of 15?
False
Is 13 a factor of 706?
False
Is 36299 a multiple of 56?
False
Is 152 a factor of 1216?
True
Is 19 a factor of 99465?
True
Is 31 a factor of 55242?
True
Does 10 divide 560?
True
Is 5050 a multiple of 50?
True
Is 20 a factor of 1240?
True
Does 8 divide 1688?
True
Is 7260 a multiple of 44?
True
Does 18 divide 2402?
False
Is 23 a factor of 8510?
True
Is 110 a factor of 550?
True
Does 44 divide 1936?
True
Is 39 a factor of 2213?
False
Is 9 a factor of 13445?
False
Does 95 divide 570?
True
Is 109 a factor of 109?
True
Is 5492 a multiple of 27?
False
Is 66 a factor of 986?
False
Does 11 divide 8552?
False
Is 4545 a multiple of 23?
False
Is 649 a multiple of 14?
False
Is 58 a factor of 779?
False
Does 175 divide 3744?
False
Is 258 a multiple of 8?
False
Does 163 divide 3586?
True
Is 34 a multiple of 17?
True
Is 2162 a multiple of 46?
True
Is 12 a factor of 9336?
True
Is 53253 a multiple of 61?
True
Is 24 a factor of 28?
False
Does 5 divide 22?
False
Is 3394 a multiple of 45?
False
Is 777 a multiple of 7?
True
Does 12 divide 3866?
False
Does 4 divide 5336?
True
Is 360 a multiple of 60?
True
Is 9516 a multiple of 122?
True
Is 16 a factor of 4531?
False
Is 465 a multiple of 10?
False
Does 37 divide 2590?
True
Is 12208 a multiple of 56?
True
Is 19822 a multiple of 23?
False
Does 24 divide 17688?
True
Does 115 divide 8891?
False
Is 4 a factor of 362?
False
Is 3234 a multiple of 22?
True
Is 12 a factor of 35969?
False
Is 340 a multiple of 20?
True
Does 9 divide 12483?
True
Is 2923 a multiple of 95?
False
Is 49 a factor of 4408?
False
Does 37 divide 222?
True
Does 57 divide 59?
False
Is 468 a multiple of 7?
False
Is 3 a factor of 4853?
False
Is 2 a factor of 246?
True
Does 9 divide 869?
False
Is 507 a multiple of 39?
True
Is 11 a factor of 1386?
True
Is 2278 a multiple of 11?
False
Does 3 divide 24?
True
Does 9 divide 1837?
False
Is 10 a factor of 1975?
False
Does 36 divide 2520?
True
Does 15 divide 133273?
False
Is 458 a multiple of 12?
False
Does 12 divide 1260?
True
Does 53 divide 1060?
True
Is 7 a factor of 2004?
False
Is 1567 a multiple of 15?
False
Is 407 a multiple of 2?
False
Does 11 divide 10087?
True
Is 3770 a multiple of 7?
False
Is 13500 a multiple of 10?
True
Does 111 divide 8947?
False
Is 2156 a multiple of 42?
False
Is 12 a factor of 1572?
True
Is 11 a factor of 1536?
False
Does 8 divide 4151?
False
Does 5 divide 105?
True
Is 17784 a multiple of 78?
True
Does 22 divide 902?
True
Does 18 divide 540?
True
Is 22972 a multiple of 161?
False
Does 26 divide 38052?
False
Does 65 divide 7995?
True
Is 5 a factor of 1205?
True
Is 1617 a multiple of 33?
True
Does 33 divide 1063?
False
Does 28 divide 1512?
True
Does 22 divide 36543?
False
Does 2 divide 484?
True
Is 1104 a multiple of 24?
True
Is 31 a factor of 519?
False
Is 45950 a multiple of 6?
False
Is 42 a factor of 8988?
True
Does 44 divide 2376?
True
Is 434 a multiple of 3?
False
Is 28 a factor of 19544?
True
Is 45 a factor of 2101?
False
Is 19 a factor of 50936?
False
Does 27 divide 4536?
True
Is 79 a factor of 9449?
False
Does 5 divide 3740?
True
Is 205 a factor of 63969?
False
Is 52 a factor of 8674?
False
Does 11 divide 319?
True
Is 338 a multiple of 26?
True
Is 1946 a multiple of 70?
False
Is 32 a factor of 39616?
True
Does 28 divide 344?
False
Is 760 a multiple of 38?
True
Is 11 a factor of 307?
False
Does 12 divide 6108?
True
Does 48 divide 50246?
False
Does 83 divide 4557?
False
Is 7 a factor of 2989?
True
Is 6 a factor of 6987?
False
Is 13 a factor of 735?
False
Does 11 divide 33770?
True
Does 26 divide 10530?
True
Is 35 a factor of 24045?
True
Is 85 a factor of 24375?
False
Does 40 divide 17911?
False
Does 18 divide 648?
True
Does 6 divide 22850?
False
Is 38 a factor of 90250?
True
Is 516 a multiple of 9?
False
Does 207 divide 5002?
False
Is 216 a multiple of 12?
True
Does 56 divide 873?
False
Is 54 a factor of 2160?
True
Is 357 even?
False
Does 21 divide 1614?
False
Is 53 a factor of 1060?
True
Is 1186 a multiple of 21?
False
Is 7320 a multiple of 11?
False
Is 220 a multiple of 5?
True
Is 31 a factor of 2115?
False
Is 107 a factor of 2695?
False
Is 6032 a multiple of 377?
True
Is 783 a multiple of 9?
True
Is 49 a factor of 539?
True
Is 19 a factor of 589?
True
Is 837 a multiple of 46?
False
Does 12 divide 10815?
False
Is 2151 a multiple of 9?
True
Does 23 divide 3795?
True
Is 3976 a multiple of 14?
True
Is 22 a factor of 18920?
True
Does 7 divide 250?